{"id":8,"date":"2024-03-04T19:28:43","date_gmt":"2024-03-04T10:28:43","guid":{"rendered":"https:\/\/www.australia.upyourskill.net\/?page_id=8"},"modified":"2024-03-07T11:43:24","modified_gmt":"2024-03-07T02:43:24","slug":"intercambio-na-australia","status":"publish","type":"page","link":"https:\/\/www.australia.upyourskill.net\/","title":{"rendered":"Interc\u00e2mbio na Austr\u00e1lia"},"content":{"rendered":"\t\t<div data-elementor-type=\"wp-page\" data-elementor-id=\"8\" class=\"elementor elementor-8\" data-elementor-post-type=\"page\">\n\t\t\t\t<div class=\"elementor-element elementor-element-1aac740 e-flex e-con-boxed e-con e-parent\" data-id=\"1aac740\" data-element_type=\"container\" data-settings=\"{&quot;background_background&quot;:&quot;classic&quot;,&quot;content_width&quot;:&quot;boxed&quot;}\" data-core-v316-plus=\"true\">\n\t\t\t\t\t<div class=\"e-con-inner\">\n\t\t<div class=\"elementor-element elementor-element-e5691b9 e-con-full e-flex e-con e-child\" data-id=\"e5691b9\" data-element_type=\"container\" data-settings=\"{&quot;content_width&quot;:&quot;full&quot;}\">\n\t\t\t\t<div class=\"elementor-element elementor-element-df6c2e0 elementor-widget__width-initial elementor-widget-mobile__width-initial elementor-invisible elementor-widget elementor-widget-heading\" data-id=\"df6c2e0\" data-element_type=\"widget\" data-settings=\"{&quot;_animation&quot;:&quot;bounceIn&quot;}\" data-widget_type=\"heading.default\">\n\t\t\t\t<div class=\"elementor-widget-container\">\n\t\t\t<style>\/*! elementor - v3.19.0 - 28-02-2024 *\/\n.elementor-heading-title{padding:0;margin:0;line-height:1}.elementor-widget-heading .elementor-heading-title[class*=elementor-size-]>a{color:inherit;font-size:inherit;line-height:inherit}.elementor-widget-heading .elementor-heading-title.elementor-size-small{font-size:15px}.elementor-widget-heading .elementor-heading-title.elementor-size-medium{font-size:19px}.elementor-widget-heading .elementor-heading-title.elementor-size-large{font-size:29px}.elementor-widget-heading .elementor-heading-title.elementor-size-xl{font-size:39px}.elementor-widget-heading .elementor-heading-title.elementor-size-xxl{font-size:59px}<\/style><h2 class=\"elementor-heading-title elementor-size-default\"><span style=\"color: #e5183b;\"><span style=\"color: #ffffff;\">J\u00e1 pensou <\/span><\/span><br><span style=\"color: #e5183b;\"><span style=\"color: #ffffff;\">em fazer <\/span><\/span><br><span style=\"color: #e5183b;\">interc\u00e2mbio                            <\/span><span style=\"color: #e5183b;\">na Austr\u00e1lia?<\/span><\/h2>\t\t<\/div>\n\t\t\t\t<\/div>\n\t\t\t\t<div class=\"elementor-element elementor-element-6d7cc24 elementor-widget__width-initial elementor-invisible elementor-widget elementor-widget-text-editor\" data-id=\"6d7cc24\" data-element_type=\"widget\" data-settings=\"{&quot;_animation&quot;:&quot;bounceIn&quot;}\" data-widget_type=\"text-editor.default\">\n\t\t\t\t<div class=\"elementor-widget-container\">\n\t\t\t<style>\/*! elementor - v3.19.0 - 28-02-2024 *\/\n.elementor-widget-text-editor.elementor-drop-cap-view-stacked .elementor-drop-cap{background-color:#69727d;color:#fff}.elementor-widget-text-editor.elementor-drop-cap-view-framed .elementor-drop-cap{color:#69727d;border:3px solid;background-color:transparent}.elementor-widget-text-editor:not(.elementor-drop-cap-view-default) .elementor-drop-cap{margin-top:8px}.elementor-widget-text-editor:not(.elementor-drop-cap-view-default) .elementor-drop-cap-letter{width:1em;height:1em}.elementor-widget-text-editor .elementor-drop-cap{float:left;text-align:center;line-height:1;font-size:50px}.elementor-widget-text-editor .elementor-drop-cap-letter{display:inline-block}<\/style>\t\t\t\t<p><span style=\"color: #ffffff;\">Voc\u00ea sonha em estudar na Austr\u00e1lia, mas tem d\u00favidas?&nbsp;<\/span><\/p>\n<p><span style=\"color: #ffffff;\">A Taiyo em&nbsp;<\/span><span style=\"color: #ffffff;\">parceria com a Connection Flow Interc\u00e2mbios produziu um workshop perfeito para&nbsp;<\/span><span style=\"color: #ffffff;\">voc\u00ea!&nbsp;<\/span><\/p>\n<p><span style=\"color: #ffffff;\">E o melhor:&nbsp;<\/span><span style=\"color: #ffffff; text-align: var(--text-align); background-color: var( --e-global-color-eede2e9 );\">de gra\u00e7a!<\/span><\/p>\t\t\t\t\t\t<\/div>\n\t\t\t\t<\/div>\n\t\t\t\t<div class=\"elementor-element elementor-element-bb740f2 elementor-invisible elementor-widget elementor-widget-image\" data-id=\"bb740f2\" data-element_type=\"widget\" data-settings=\"{&quot;_animation&quot;:&quot;slideInUp&quot;}\" data-widget_type=\"image.default\">\n\t\t\t\t<div class=\"elementor-widget-container\">\n\t\t\t<style>\/*! elementor - v3.19.0 - 28-02-2024 *\/\n.elementor-widget-image{text-align:center}.elementor-widget-image a{display:inline-block}.elementor-widget-image a img[src$=\".svg\"]{width:48px}.elementor-widget-image img{vertical-align:middle;display:inline-block}<\/style>\t\t\t\t\t\t\t\t\t\t<img fetchpriority=\"high\" decoding=\"async\" width=\"400\" height=\"150\" src=\"https:\/\/www.australia.upyourskill.net\/wp-content\/uploads\/2024\/03\/logos.png\" class=\"attachment-full size-full wp-image-79\" alt=\"\" srcset=\"https:\/\/www.australia.upyourskill.net\/wp-content\/uploads\/2024\/03\/logos.png 400w, https:\/\/www.australia.upyourskill.net\/wp-content\/uploads\/2024\/03\/logos-300x113.png 300w\" sizes=\"(max-width: 400px) 100vw, 400px\" \/>\t\t\t\t\t\t\t\t\t\t\t\t\t<\/div>\n\t\t\t\t<\/div>\n\t\t\t\t<\/div>\n\t\t\t\t\t<\/div>\n\t\t\t\t<\/div>\n\t\t<div class=\"elementor-element elementor-element-d9837a1 e-flex e-con-boxed e-con e-parent\" data-id=\"d9837a1\" data-element_type=\"container\" data-settings=\"{&quot;background_background&quot;:&quot;classic&quot;,&quot;content_width&quot;:&quot;boxed&quot;}\" data-core-v316-plus=\"true\">\n\t\t\t\t\t<div class=\"e-con-inner\">\n\t\t<div class=\"elementor-element elementor-element-184a270 e-con-full e-flex e-con e-child\" data-id=\"184a270\" data-element_type=\"container\" data-settings=\"{&quot;content_width&quot;:&quot;full&quot;}\">\n\t\t\t\t<div class=\"elementor-element elementor-element-f20e697 elementor-invisible elementor-widget elementor-widget-image\" data-id=\"f20e697\" data-element_type=\"widget\" data-settings=\"{&quot;_animation&quot;:&quot;fadeInLeft&quot;}\" data-widget_type=\"image.default\">\n\t\t\t\t<div class=\"elementor-widget-container\">\n\t\t\t\t\t\t\t\t\t\t\t\t\t<img decoding=\"async\" width=\"800\" height=\"702\" src=\"https:\/\/www.australia.upyourskill.net\/wp-content\/uploads\/2024\/03\/maps_visa-1.png\" class=\"attachment-large size-large wp-image-96\" alt=\"\" srcset=\"https:\/\/www.australia.upyourskill.net\/wp-content\/uploads\/2024\/03\/maps_visa-1.png 800w, https:\/\/www.australia.upyourskill.net\/wp-content\/uploads\/2024\/03\/maps_visa-1-300x263.png 300w, https:\/\/www.australia.upyourskill.net\/wp-content\/uploads\/2024\/03\/maps_visa-1-768x674.png 768w\" sizes=\"(max-width: 800px) 100vw, 800px\" \/>\t\t\t\t\t\t\t\t\t\t\t\t\t<\/div>\n\t\t\t\t<\/div>\n\t\t\t\t<\/div>\n\t\t<div class=\"elementor-element elementor-element-0ce2d99 e-con-full e-flex e-con e-child\" data-id=\"0ce2d99\" data-element_type=\"container\" data-settings=\"{&quot;content_width&quot;:&quot;full&quot;}\">\n\t\t\t\t<div class=\"elementor-element elementor-element-492a176 elementor-invisible elementor-widget elementor-widget-heading\" data-id=\"492a176\" data-element_type=\"widget\" data-settings=\"{&quot;_animation&quot;:&quot;fadeInDown&quot;}\" data-widget_type=\"heading.default\">\n\t\t\t\t<div class=\"elementor-widget-container\">\n\t\t\t<h2 class=\"elementor-heading-title elementor-size-default\">Quanto custa fazer um interc\u00e2mbio na terra dos cangurus?<\/h2>\t\t<\/div>\n\t\t\t\t<\/div>\n\t\t\t\t<div class=\"elementor-element elementor-element-3758b45 elementor-invisible elementor-widget elementor-widget-text-editor\" data-id=\"3758b45\" data-element_type=\"widget\" data-settings=\"{&quot;_animation&quot;:&quot;fadeInUp&quot;}\" data-widget_type=\"text-editor.default\">\n\t\t\t\t<div class=\"elementor-widget-container\">\n\t\t\t\t\t\t\t<p>Quer saber mais sobre processos de visto, custos, melhores cidades para estudar e muito mais na Austr\u00e1lia? Nosso workshop cobrir\u00e1 tudo isso e muito mais!<\/p>\t\t\t\t\t\t<\/div>\n\t\t\t\t<\/div>\n\t\t\t\t<\/div>\n\t\t\t\t\t<\/div>\n\t\t\t\t<\/div>\n\t\t<div class=\"elementor-element elementor-element-0abeca2 e-flex e-con-boxed e-con e-parent\" data-id=\"0abeca2\" data-element_type=\"container\" data-settings=\"{&quot;background_background&quot;:&quot;classic&quot;,&quot;content_width&quot;:&quot;boxed&quot;}\" data-core-v316-plus=\"true\">\n\t\t\t\t\t<div class=\"e-con-inner\">\n\t\t<div class=\"elementor-element elementor-element-e657c86 e-con-full e-flex e-con e-child\" data-id=\"e657c86\" data-element_type=\"container\" data-settings=\"{&quot;content_width&quot;:&quot;full&quot;}\">\n\t\t\t\t<div class=\"elementor-element elementor-element-7b04a84 elementor-invisible elementor-widget elementor-widget-heading\" data-id=\"7b04a84\" data-element_type=\"widget\" data-settings=\"{&quot;_animation&quot;:&quot;fadeInLeft&quot;}\" data-widget_type=\"heading.default\">\n\t\t\t\t<div class=\"elementor-widget-container\">\n\t\t\t<h2 class=\"elementor-heading-title elementor-size-default\">Estude na Austr\u00e1lia e tenha uma experi\u00eancia \u00fanica e rica em aprendizados!<\/h2>\t\t<\/div>\n\t\t\t\t<\/div>\n\t\t\t\t<div class=\"elementor-element elementor-element-3482ce1 elementor-invisible elementor-widget elementor-widget-text-editor\" data-id=\"3482ce1\" data-element_type=\"widget\" data-settings=\"{&quot;_animation&quot;:&quot;fadeInUp&quot;}\" data-widget_type=\"text-editor.default\">\n\t\t\t\t<div class=\"elementor-widget-container\">\n\t\t\t\t\t\t\t<p><span style=\"color: #ffffff;\">Quando voc\u00ea pensa em interc\u00e2mbio, qual \u00e9 a primeira imagem que vem \u00e0&nbsp;<\/span><span style=\"color: #ffffff;\">mente? Sim, diversidade cultural, crescimento, aprendizado, conhecimento e claro,&nbsp;<\/span><span style=\"color: #ffffff;\">muita divers\u00e3o.<\/span><\/p>\t\t\t\t\t\t<\/div>\n\t\t\t\t<\/div>\n\t\t\t\t<\/div>\n\t\t<div class=\"elementor-element elementor-element-dae6a03 e-con-full e-flex e-con e-child\" data-id=\"dae6a03\" data-element_type=\"container\" data-settings=\"{&quot;content_width&quot;:&quot;full&quot;}\">\n\t\t\t\t<div class=\"elementor-element elementor-element-1ae94bd elementor-invisible elementor-widget elementor-widget-image\" data-id=\"1ae94bd\" data-element_type=\"widget\" data-settings=\"{&quot;_animation&quot;:&quot;fadeInRight&quot;}\" data-widget_type=\"image.default\">\n\t\t\t\t<div class=\"elementor-widget-container\">\n\t\t\t\t\t\t\t\t\t\t\t\t\t<img decoding=\"async\" width=\"800\" height=\"702\" src=\"https:\/\/www.australia.upyourskill.net\/wp-content\/uploads\/2024\/03\/estudante.png\" class=\"attachment-full size-full wp-image-113\" alt=\"\" srcset=\"https:\/\/www.australia.upyourskill.net\/wp-content\/uploads\/2024\/03\/estudante.png 800w, https:\/\/www.australia.upyourskill.net\/wp-content\/uploads\/2024\/03\/estudante-300x263.png 300w, https:\/\/www.australia.upyourskill.net\/wp-content\/uploads\/2024\/03\/estudante-768x674.png 768w\" sizes=\"(max-width: 800px) 100vw, 800px\" \/>\t\t\t\t\t\t\t\t\t\t\t\t\t<\/div>\n\t\t\t\t<\/div>\n\t\t\t\t<\/div>\n\t\t\t\t\t<\/div>\n\t\t\t\t<\/div>\n\t\t<div class=\"elementor-element elementor-element-5db8d8e e-flex e-con-boxed e-con e-parent\" data-id=\"5db8d8e\" data-element_type=\"container\" data-settings=\"{&quot;background_background&quot;:&quot;classic&quot;,&quot;content_width&quot;:&quot;boxed&quot;}\" data-core-v316-plus=\"true\">\n\t\t\t\t\t<div class=\"e-con-inner\">\n\t\t<div class=\"elementor-element elementor-element-9075d65 e-con-full e-flex e-con e-child\" data-id=\"9075d65\" data-element_type=\"container\" data-settings=\"{&quot;content_width&quot;:&quot;full&quot;}\">\n\t\t\t\t<div class=\"elementor-element elementor-element-b6971fd elementor-invisible elementor-widget elementor-widget-image\" data-id=\"b6971fd\" data-element_type=\"widget\" data-settings=\"{&quot;_animation&quot;:&quot;fadeInDown&quot;}\" data-widget_type=\"image.default\">\n\t\t\t\t<div class=\"elementor-widget-container\">\n\t\t\t\t\t\t\t\t\t\t\t\t\t<img loading=\"lazy\" decoding=\"async\" width=\"800\" height=\"702\" src=\"https:\/\/www.australia.upyourskill.net\/wp-content\/uploads\/2024\/03\/palestrante-1.png\" class=\"attachment-full size-full wp-image-135\" alt=\"\" srcset=\"https:\/\/www.australia.upyourskill.net\/wp-content\/uploads\/2024\/03\/palestrante-1.png 800w, https:\/\/www.australia.upyourskill.net\/wp-content\/uploads\/2024\/03\/palestrante-1-300x263.png 300w, https:\/\/www.australia.upyourskill.net\/wp-content\/uploads\/2024\/03\/palestrante-1-768x674.png 768w\" sizes=\"(max-width: 800px) 100vw, 800px\" \/>\t\t\t\t\t\t\t\t\t\t\t\t\t<\/div>\n\t\t\t\t<\/div>\n\t\t\t\t<\/div>\n\t\t<div class=\"elementor-element elementor-element-aea648c e-con-full e-flex e-con e-child\" data-id=\"aea648c\" data-element_type=\"container\" data-settings=\"{&quot;content_width&quot;:&quot;full&quot;}\">\n\t\t\t\t<div class=\"elementor-element elementor-element-fe44ad3 elementor-invisible elementor-widget elementor-widget-heading\" data-id=\"fe44ad3\" data-element_type=\"widget\" data-settings=\"{&quot;_animation&quot;:&quot;fadeInRight&quot;}\" data-widget_type=\"heading.default\">\n\t\t\t\t<div class=\"elementor-widget-container\">\n\t\t\t<h2 class=\"elementor-heading-title elementor-size-default\">Conhe\u00e7a o palestrante!<\/h2>\t\t<\/div>\n\t\t\t\t<\/div>\n\t\t\t\t<div class=\"elementor-element elementor-element-eb54e29 elementor-invisible elementor-widget elementor-widget-text-editor\" data-id=\"eb54e29\" data-element_type=\"widget\" data-settings=\"{&quot;_animation&quot;:&quot;fadeInLeft&quot;}\" data-widget_type=\"text-editor.default\">\n\t\t\t\t<div class=\"elementor-widget-container\">\n\t\t\t\t\t\t\t<p>Ex-dekassegui ensina o passo a passo para fazer interc\u00e2mbio na Austr\u00e1lia!<\/p>\t\t\t\t\t\t<\/div>\n\t\t\t\t<\/div>\n\t\t\t\t<div class=\"elementor-element elementor-element-a058641 elementor-invisible elementor-widget elementor-widget-text-editor\" data-id=\"a058641\" data-element_type=\"widget\" data-settings=\"{&quot;_animation&quot;:&quot;fadeInRight&quot;}\" data-widget_type=\"text-editor.default\">\n\t\t\t\t<div class=\"elementor-widget-container\">\n\t\t\t\t\t\t\t<p>Alberto Uesugi deixou as f\u00e1bricas no Jap\u00e3o para se tornar um empres\u00e1rio de sucesso na terra dos cangurus. Neste evento, em parceria com a Taiyo Corporation e UP Skill, ele vai contar todos os segredos para a realiza\u00e7\u00e3o de um interc\u00e2mbio na Austr\u00e1lia<\/p>\t\t\t\t\t\t<\/div>\n\t\t\t\t<\/div>\n\t\t\t\t<\/div>\n\t\t\t\t\t<\/div>\n\t\t\t\t<\/div>\n\t\t<div class=\"elementor-element elementor-element-1560af1 e-flex e-con-boxed e-con e-parent\" data-id=\"1560af1\" data-element_type=\"container\" data-settings=\"{&quot;background_background&quot;:&quot;classic&quot;,&quot;content_width&quot;:&quot;boxed&quot;}\" data-core-v316-plus=\"true\">\n\t\t\t\t\t<div class=\"e-con-inner\">\n\t\t<div class=\"elementor-element elementor-element-273b409 e-con-full e-flex e-con e-child\" data-id=\"273b409\" data-element_type=\"container\" data-settings=\"{&quot;content_width&quot;:&quot;full&quot;}\">\n\t\t\t\t<div class=\"elementor-element elementor-element-637b4fe elementor-invisible elementor-widget elementor-widget-heading\" data-id=\"637b4fe\" data-element_type=\"widget\" data-settings=\"{&quot;_animation&quot;:&quot;bounceInDown&quot;}\" data-widget_type=\"heading.default\">\n\t\t\t\t<div class=\"elementor-widget-container\">\n\t\t\t<h2 class=\"elementor-heading-title elementor-size-default\">N\u00e3o fique de fora!\nFa\u00e7a agora mesmo sua inscri\u00e7\u00e3o!<\/h2>\t\t<\/div>\n\t\t\t\t<\/div>\n\t\t\t\t<div class=\"elementor-element elementor-element-3756bc3 elementor-invisible elementor-widget elementor-widget-text-editor\" data-id=\"3756bc3\" data-element_type=\"widget\" data-settings=\"{&quot;_animation&quot;:&quot;fadeInRight&quot;}\" data-widget_type=\"text-editor.default\">\n\t\t\t\t<div class=\"elementor-widget-container\">\n\t\t\t\t\t\t\t<p>N\u00e3o perca esta oportunidade de obter todas as informa\u00e7\u00f5es que voc\u00ea precisa para realizar seu sonho de estudar na Austr\u00e1lia. Inscreva-se agora!<\/p><p>Hor\u00e1rio: das 9h30 \u00e0s 16h.<\/p>\t\t\t\t\t\t<\/div>\n\t\t\t\t<\/div>\n\t\t\t\t<div class=\"elementor-element elementor-element-0f2bfbc elementor-widget__width-initial elementor-invisible elementor-widget elementor-widget-image\" data-id=\"0f2bfbc\" data-element_type=\"widget\" data-settings=\"{&quot;_animation&quot;:&quot;fadeInLeft&quot;}\" data-widget_type=\"image.default\">\n\t\t\t\t<div class=\"elementor-widget-container\">\n\t\t\t\t\t\t\t\t\t\t\t\t\t<img loading=\"lazy\" decoding=\"async\" width=\"400\" height=\"86\" src=\"https:\/\/www.australia.upyourskill.net\/wp-content\/uploads\/2024\/03\/local.png\" class=\"attachment-full size-full wp-image-188\" alt=\"\" srcset=\"https:\/\/www.australia.upyourskill.net\/wp-content\/uploads\/2024\/03\/local.png 400w, https:\/\/www.australia.upyourskill.net\/wp-content\/uploads\/2024\/03\/local-300x65.png 300w\" sizes=\"(max-width: 400px) 100vw, 400px\" \/>\t\t\t\t\t\t\t\t\t\t\t\t\t<\/div>\n\t\t\t\t<\/div>\n\t\t\t\t<div class=\"elementor-element elementor-element-0caa546 elementor-align-left elementor-invisible elementor-widget elementor-widget-button\" data-id=\"0caa546\" data-element_type=\"widget\" data-settings=\"{&quot;_animation&quot;:&quot;bounceInUp&quot;}\" data-widget_type=\"button.default\">\n\t\t\t\t<div class=\"elementor-widget-container\">\n\t\t\t\t\t<div class=\"elementor-button-wrapper\">\n\t\t\t<a class=\"elementor-button elementor-button-link elementor-size-lg\" href=\"https:\/\/www.australia.upyourskill.net\/?page_id=239\">\n\t\t\t\t\t\t<span class=\"elementor-button-content-wrapper\">\n\t\t\t\t\t\t<span class=\"elementor-button-text\">Increva-se<\/span>\n\t\t<\/span>\n\t\t\t\t\t<\/a>\n\t\t<\/div>\n\t\t\t\t<\/div>\n\t\t\t\t<\/div>\n\t\t\t\t<\/div>\n\t\t\t\t\t<\/div>\n\t\t\t\t<\/div>\n\t\t<div class=\"elementor-element elementor-element-520f27d e-flex e-con-boxed e-con e-parent\" data-id=\"520f27d\" data-element_type=\"container\" data-settings=\"{&quot;background_background&quot;:&quot;classic&quot;,&quot;content_width&quot;:&quot;boxed&quot;}\" data-core-v316-plus=\"true\">\n\t\t\t\t\t<div class=\"e-con-inner\">\n\t\t\t\t<div class=\"elementor-element elementor-element-0ea9fed elementor-widget elementor-widget-image\" data-id=\"0ea9fed\" data-element_type=\"widget\" data-widget_type=\"image.default\">\n\t\t\t\t<div class=\"elementor-widget-container\">\n\t\t\t\t\t\t\t\t\t\t\t\t\t<img fetchpriority=\"high\" decoding=\"async\" width=\"400\" height=\"150\" src=\"https:\/\/www.australia.upyourskill.net\/wp-content\/uploads\/2024\/03\/logos.png\" class=\"attachment-full size-full wp-image-79\" alt=\"\" srcset=\"https:\/\/www.australia.upyourskill.net\/wp-content\/uploads\/2024\/03\/logos.png 400w, https:\/\/www.australia.upyourskill.net\/wp-content\/uploads\/2024\/03\/logos-300x113.png 300w\" sizes=\"(max-width: 400px) 100vw, 400px\" \/>\t\t\t\t\t\t\t\t\t\t\t\t\t<\/div>\n\t\t\t\t<\/div>\n\t\t\t\t\t<\/div>\n\t\t\t\t<\/div>\n\t\t<div class=\"elementor-element elementor-element-bc2a676 e-flex e-con-boxed e-con e-parent\" data-id=\"bc2a676\" data-element_type=\"container\" data-settings=\"{&quot;background_background&quot;:&quot;classic&quot;,&quot;content_width&quot;:&quot;boxed&quot;}\" data-core-v316-plus=\"true\">\n\t\t\t\t\t<div class=\"e-con-inner\">\n\t\t\t\t<div class=\"elementor-element elementor-element-d66522d elementor-widget elementor-widget-text-editor\" data-id=\"d66522d\" data-element_type=\"widget\" data-widget_type=\"text-editor.default\">\n\t\t\t\t<div class=\"elementor-widget-container\">\n\t\t\t\t\t\t\t<p>Copyright \u00a9 2024 Taiyo Corporation. All rights reserved.<\/p>\t\t\t\t\t\t<\/div>\n\t\t\t\t<\/div>\n\t\t\t\t\t<\/div>\n\t\t\t\t<\/div>\n\t\t\t\t<\/div>\n\t\t","protected":false},"excerpt":{"rendered":"<p>J\u00e1 pensou em fazer interc\u00e2mbio na Austr\u00e1lia? Voc\u00ea sonha em estudar na Austr\u00e1lia, mas tem d\u00favidas?&nbsp; A Taiyo em&nbsp;parceria com a Connection Flow Interc\u00e2mbios produziu um workshop perfeito para&nbsp;voc\u00ea!&nbsp; E o melhor:&nbsp;de gra\u00e7a! Quanto custa fazer um interc\u00e2mbio na terra dos cangurus? Quer saber mais sobre processos de visto, custos, melhores cidades para estudar e [&hellip;]<\/p>\n","protected":false},"author":1,"featured_media":0,"parent":0,"menu_order":0,"comment_status":"closed","ping_status":"closed","template":"elementor_canvas","meta":{"footnotes":""},"class_list":["post-8","page","type-page","status-publish","hentry"],"_links":{"self":[{"href":"https:\/\/www.australia.upyourskill.net\/index.php?rest_route=\/wp\/v2\/pages\/8","targetHints":{"allow":["GET"]}}],"collection":[{"href":"https:\/\/www.australia.upyourskill.net\/index.php?rest_route=\/wp\/v2\/pages"}],"about":[{"href":"https:\/\/www.australia.upyourskill.net\/index.php?rest_route=\/wp\/v2\/types\/page"}],"author":[{"embeddable":true,"href":"https:\/\/www.australia.upyourskill.net\/index.php?rest_route=\/wp\/v2\/users\/1"}],"replies":[{"embeddable":true,"href":"https:\/\/www.australia.upyourskill.net\/index.php?rest_route=%2Fwp%2Fv2%2Fcomments&post=8"}],"version-history":[{"count":193,"href":"https:\/\/www.australia.upyourskill.net\/index.php?rest_route=\/wp\/v2\/pages\/8\/revisions"}],"predecessor-version":[{"id":278,"href":"https:\/\/www.australia.upyourskill.net\/index.php?rest_route=\/wp\/v2\/pages\/8\/revisions\/278"}],"wp:attachment":[{"href":"https:\/\/www.australia.upyourskill.net\/index.php?rest_route=%2Fwp%2Fv2%2Fmedia&parent=8"}],"curies":[{"name":"wp","href":"https:\/\/api.w.org\/{rel}","templated":true}]}}